{"id":35,"date":"2025-07-06T21:17:09","date_gmt":"2025-07-06T18:17:09","guid":{"rendered":"http:\/\/ganoyanimda.com.tr\/?page_id=35"},"modified":"2025-07-19T23:43:39","modified_gmt":"2025-07-19T20:43:39","slug":"kisisel-bakim","status":"publish","type":"page","link":"https:\/\/ganoyanimda.com.tr\/?page_id=35","title":{"rendered":"K\u0130\u015e\u0130SEL BAKIM"},"content":{"rendered":"\t\t<div data-elementor-type=\"wp-page\" data-elementor-id=\"35\" class=\"elementor elementor-35\">\n\t\t\t\t\t\t<section class=\"has_eae_slider elementor-section elementor-top-section elementor-element elementor-element-0883c96 elementor-section-boxed elementor-section-height-default elementor-section-height-default\" data-eae-slider=\"29\" data-id=\"0883c96\" data-element_type=\"section\" data-settings=\"{&quot;background_background&quot;:&quot;classic&quot;}\">\n\t\t\t\t\t\t<div class=\"elementor-container elementor-column-gap-wide\">\n\t\t\t\t\t<div class=\"has_eae_slider elementor-column elementor-col-33 elementor-top-column elementor-element elementor-element-05b40e9\" data-eae-slider=\"41240\" data-id=\"05b40e9\" data-element_type=\"column\">\n\t\t\t<div class=\"elementor-widget-wrap elementor-element-populated\">\n\t\t\t\t\t\t<div class=\"elementor-element elementor-element-014b796 popmake-649\t elementor-widget elementor-widget-image\" data-id=\"014b796\" data-element_type=\"widget\" data-settings=\"{&quot;_animation&quot;:&quot;none&quot;}\" data-widget_type=\"image.default\">\n\t\t\t\t\t\t\t\t\t\t\t\t\t\t\t<img fetchpriority=\"high\" decoding=\"async\" width=\"800\" height=\"533\" src=\"https:\/\/ganoyanimda.com.tr\/wp-content\/uploads\/2025\/07\/TRANSPARENTSOAP.jpg\" class=\"elementor-animation-grow attachment-large size-large wp-image-298\" alt=\"\" srcset=\"https:\/\/ganoyanimda.com.tr\/wp-content\/uploads\/2025\/07\/TRANSPARENTSOAP.jpg 800w, https:\/\/ganoyanimda.com.tr\/wp-content\/uploads\/2025\/07\/TRANSPARENTSOAP-300x200.jpg 300w, https:\/\/ganoyanimda.com.tr\/wp-content\/uploads\/2025\/07\/TRANSPARENTSOAP-768x512.jpg 768w\" sizes=\"(max-width: 800px) 100vw, 800px\" \/>\t\t\t\t\t\t\t\t\t\t\t\t\t\t\t<\/div>\n\t\t\t\t<div class=\"elementor-element elementor-element-c6e6435 elementor-widget elementor-widget-text-editor\" data-id=\"c6e6435\" data-element_type=\"widget\" data-widget_type=\"text-editor.default\">\n\t\t\t\t\t\t\t\t\t<h4>GANO TRANSPARENT SOAP<\/h4><p class=\"card-text entry-summary text-secondary\">Gano \u015eeffaf , Ganoderma Lucidum \u00f6z\u00fc, aloe vera ve papaya bitkisi ihtiva eder. Cild&#8230;<\/p>\t\t\t\t\t\t\t\t<\/div>\n\t\t\t\t\t<\/div>\n\t\t<\/div>\n\t\t\t\t<div class=\"has_eae_slider elementor-column elementor-col-33 elementor-top-column elementor-element elementor-element-194d106\" data-eae-slider=\"3189\" data-id=\"194d106\" data-element_type=\"column\">\n\t\t\t<div class=\"elementor-widget-wrap elementor-element-populated\">\n\t\t\t\t\t\t<div class=\"elementor-element elementor-element-11f74c2 popmake-648\t elementor-widget elementor-widget-image\" data-id=\"11f74c2\" data-element_type=\"widget\" data-widget_type=\"image.default\">\n\t\t\t\t\t\t\t\t\t\t\t\t\t\t\t<img decoding=\"async\" width=\"800\" height=\"533\" src=\"https:\/\/ganoyanimda.com.tr\/wp-content\/uploads\/2025\/07\/GANOSOAP.jpg\" class=\"elementor-animation-grow attachment-large size-large wp-image-304\" alt=\"\" srcset=\"https:\/\/ganoyanimda.com.tr\/wp-content\/uploads\/2025\/07\/GANOSOAP.jpg 800w, https:\/\/ganoyanimda.com.tr\/wp-content\/uploads\/2025\/07\/GANOSOAP-300x200.jpg 300w, https:\/\/ganoyanimda.com.tr\/wp-content\/uploads\/2025\/07\/GANOSOAP-768x512.jpg 768w\" sizes=\"(max-width: 800px) 100vw, 800px\" \/>\t\t\t\t\t\t\t\t\t\t\t\t\t\t\t<\/div>\n\t\t\t\t<div class=\"elementor-element elementor-element-96767b6 elementor-widget elementor-widget-text-editor\" data-id=\"96767b6\" data-element_type=\"widget\" data-widget_type=\"text-editor.default\">\n\t\t\t\t\t\t\t\t\t<div class=\"entry-header mb-3\"><h2 class=\"card-title entry-title h4 mb-0\">GANO SOAP<\/h2><\/div><p class=\"card-text entry-summary text-secondary\">Ganoderma Lucidum ve ke\u00e7i s\u00fct\u00fc ile zenginle\u015ftirilmi\u015ftir. Cildiniz fark\u0131 hissedecek. Bu &#8230;<\/p>\t\t\t\t\t\t\t\t<\/div>\n\t\t\t\t\t<\/div>\n\t\t<\/div>\n\t\t\t\t<div class=\"has_eae_slider elementor-column elementor-col-33 elementor-top-column elementor-element elementor-element-8875fbc\" data-eae-slider=\"38730\" data-id=\"8875fbc\" data-element_type=\"column\">\n\t\t\t<div class=\"elementor-widget-wrap elementor-element-populated\">\n\t\t\t\t\t\t<div class=\"elementor-element elementor-element-38f1645 popmake-672\t elementor-widget elementor-widget-image\" data-id=\"38f1645\" data-element_type=\"widget\" data-widget_type=\"image.default\">\n\t\t\t\t\t\t\t\t\t\t\t\t\t\t\t<img decoding=\"async\" width=\"800\" height=\"533\" src=\"https:\/\/ganoyanimda.com.tr\/wp-content\/uploads\/2025\/07\/GANOFRESH.jpg\" class=\"elementor-animation-grow attachment-large size-large wp-image-305\" alt=\"\" srcset=\"https:\/\/ganoyanimda.com.tr\/wp-content\/uploads\/2025\/07\/GANOFRESH.jpg 800w, https:\/\/ganoyanimda.com.tr\/wp-content\/uploads\/2025\/07\/GANOFRESH-300x200.jpg 300w, https:\/\/ganoyanimda.com.tr\/wp-content\/uploads\/2025\/07\/GANOFRESH-768x512.jpg 768w\" sizes=\"(max-width: 800px) 100vw, 800px\" \/>\t\t\t\t\t\t\t\t\t\t\t\t\t\t\t<\/div>\n\t\t\t\t<div class=\"elementor-element elementor-element-2cbbd2f elementor-widget elementor-widget-text-editor\" data-id=\"2cbbd2f\" data-element_type=\"widget\" data-widget_type=\"text-editor.default\">\n\t\t\t\t\t\t\t\t\t<div class=\"entry-header mb-3\"><h2 class=\"card-title entry-title h4 mb-0\">GANO FRESH<\/h2><\/div><p class=\"card-text entry-summary text-secondary\">Taze nane ve Ganoderma Lucidum \u00f6z\u00fcnden olu\u015fan bir di\u015f macunudur. Gano Fresh, di\u015f ve di\u015f&#8230;<\/p>\t\t\t\t\t\t\t\t<\/div>\n\t\t\t\t\t<\/div>\n\t\t<\/div>\n\t\t\t\t\t<\/div>\n\t\t<\/section>\n\t\t\t\t<section class=\"has_eae_slider elementor-section elementor-top-section elementor-element elementor-element-565df8f elementor-section-boxed elementor-section-height-default elementor-section-height-default\" data-eae-slider=\"42717\" data-id=\"565df8f\" data-element_type=\"section\">\n\t\t\t\t\t\t<div class=\"elementor-container elementor-column-gap-default\">\n\t\t\t\t\t<div class=\"has_eae_slider elementor-column elementor-col-33 elementor-top-column elementor-element elementor-element-5a22750\" data-eae-slider=\"92903\" data-id=\"5a22750\" data-element_type=\"column\">\n\t\t\t<div class=\"elementor-widget-wrap elementor-element-populated\">\n\t\t\t\t\t\t<div class=\"elementor-element elementor-element-187cdf8 popmake-676\t elementor-widget elementor-widget-image\" data-id=\"187cdf8\" data-element_type=\"widget\" data-widget_type=\"image.default\">\n\t\t\t\t\t\t\t\t\t\t\t\t\t\t\t<img loading=\"lazy\" decoding=\"async\" width=\"800\" height=\"533\" src=\"https:\/\/ganoyanimda.com.tr\/wp-content\/uploads\/2025\/07\/SHOWERSCRUB.jpg\" class=\"elementor-animation-grow attachment-large size-large wp-image-306\" alt=\"\" srcset=\"https:\/\/ganoyanimda.com.tr\/wp-content\/uploads\/2025\/07\/SHOWERSCRUB.jpg 800w, https:\/\/ganoyanimda.com.tr\/wp-content\/uploads\/2025\/07\/SHOWERSCRUB-300x200.jpg 300w, https:\/\/ganoyanimda.com.tr\/wp-content\/uploads\/2025\/07\/SHOWERSCRUB-768x512.jpg 768w\" sizes=\"(max-width: 800px) 100vw, 800px\" \/>\t\t\t\t\t\t\t\t\t\t\t\t\t\t\t<\/div>\n\t\t\t\t<div class=\"elementor-element elementor-element-f31885c elementor-widget elementor-widget-text-editor\" data-id=\"f31885c\" data-element_type=\"widget\" data-widget_type=\"text-editor.default\">\n\t\t\t\t\t\t\t\t\t<div class=\"entry-header mb-3\"><h4><b>G&#8217;BEAUTE SHOWER SCRUP<\/b><\/h4><\/div><p class=\"card-text entry-summary text-secondary\">G\u2019Beaute Shower Scrub, Ganoderma Lucidum \u00f6z\u00fc ve kay\u0131s\u0131 \u00e7ekirde\u011fi tozu ile zenginle\u015ftiri&#8230;<\/p>\t\t\t\t\t\t\t\t<\/div>\n\t\t\t\t\t<\/div>\n\t\t<\/div>\n\t\t\t\t<div class=\"has_eae_slider elementor-column elementor-col-33 elementor-top-column elementor-element elementor-element-1709fc3\" data-eae-slider=\"91059\" data-id=\"1709fc3\" data-element_type=\"column\">\n\t\t\t<div class=\"elementor-widget-wrap elementor-element-populated\">\n\t\t\t\t\t\t<div class=\"elementor-element elementor-element-96e8ea8 popmake-674\t elementor-widget elementor-widget-image\" data-id=\"96e8ea8\" data-element_type=\"widget\" data-widget_type=\"image.default\">\n\t\t\t\t\t\t\t\t\t\t\t\t\t\t\t<img loading=\"lazy\" decoding=\"async\" width=\"800\" height=\"533\" src=\"https:\/\/ganoyanimda.com.tr\/wp-content\/uploads\/2025\/07\/HAIRSHAMPOO.jpg\" class=\"elementor-animation-grow attachment-large size-large wp-image-307\" alt=\"\" srcset=\"https:\/\/ganoyanimda.com.tr\/wp-content\/uploads\/2025\/07\/HAIRSHAMPOO.jpg 800w, https:\/\/ganoyanimda.com.tr\/wp-content\/uploads\/2025\/07\/HAIRSHAMPOO-300x200.jpg 300w, https:\/\/ganoyanimda.com.tr\/wp-content\/uploads\/2025\/07\/HAIRSHAMPOO-768x512.jpg 768w\" sizes=\"(max-width: 800px) 100vw, 800px\" \/>\t\t\t\t\t\t\t\t\t\t\t\t\t\t\t<\/div>\n\t\t\t\t<div class=\"elementor-element elementor-element-60a307b elementor-widget elementor-widget-text-editor\" data-id=\"60a307b\" data-element_type=\"widget\" data-widget_type=\"text-editor.default\">\n\t\t\t\t\t\t\t\t\t<div class=\"entry-header mb-3\"><h3><b>G&#8217;BEAUTE HAIR SHAMPOO<\/b><\/h3><\/div><p class=\"card-text entry-summary text-secondary\">Ganoderma Lucidum, y\u00fczy\u0131llard\u0131r \u00f6zellikle uzakdo\u011fu \u00fclkelerinde yararl\u0131 bir bitki olarak&#8230;<\/p>\t\t\t\t\t\t\t\t<\/div>\n\t\t\t\t\t<\/div>\n\t\t<\/div>\n\t\t\t\t<div class=\"has_eae_slider elementor-column elementor-col-33 elementor-top-column elementor-element elementor-element-f5fd2bf\" data-eae-slider=\"14656\" data-id=\"f5fd2bf\" data-element_type=\"column\">\n\t\t\t<div class=\"elementor-widget-wrap elementor-element-populated\">\n\t\t\t\t\t\t<div class=\"elementor-element elementor-element-d8e839b popmake-677\t elementor-widget elementor-widget-image\" data-id=\"d8e839b\" data-element_type=\"widget\" data-widget_type=\"image.default\">\n\t\t\t\t\t\t\t\t\t\t\t\t\t\t\t<img loading=\"lazy\" decoding=\"async\" width=\"800\" height=\"533\" src=\"https:\/\/ganoyanimda.com.tr\/wp-content\/uploads\/2025\/07\/HAIRCONDITIONER-1.jpg\" class=\"elementor-animation-grow attachment-large size-large wp-image-308\" alt=\"\" srcset=\"https:\/\/ganoyanimda.com.tr\/wp-content\/uploads\/2025\/07\/HAIRCONDITIONER-1.jpg 800w, https:\/\/ganoyanimda.com.tr\/wp-content\/uploads\/2025\/07\/HAIRCONDITIONER-1-300x200.jpg 300w, https:\/\/ganoyanimda.com.tr\/wp-content\/uploads\/2025\/07\/HAIRCONDITIONER-1-768x512.jpg 768w\" sizes=\"(max-width: 800px) 100vw, 800px\" \/>\t\t\t\t\t\t\t\t\t\t\t\t\t\t\t<\/div>\n\t\t\t\t<div class=\"elementor-element elementor-element-74a5f47 elementor-widget elementor-widget-text-editor\" data-id=\"74a5f47\" data-element_type=\"widget\" data-widget_type=\"text-editor.default\">\n\t\t\t\t\t\t\t\t\t<div class=\"entry-header mb-3\"><span style=\"font-size: 24px;\"><b>G&#8217;BEAUTE HAIR CONDITIONER<\/b><\/span><\/div><p class=\"card-text entry-summary text-secondary\">G\u2019Beaute Hair Conditioner, G\u00fczel dalgal\u0131 bir sa\u00e7 modeli, iyi bir sa\u00e7 kremi ile ba\u015flar. &#8230;<\/p>\t\t\t\t\t\t\t\t<\/div>\n\t\t\t\t\t<\/div>\n\t\t<\/div>\n\t\t\t\t\t<\/div>\n\t\t<\/section>\n\t\t\t\t<section class=\"has_eae_slider elementor-section elementor-top-section elementor-element elementor-element-fa8b5d6 elementor-section-boxed elementor-section-height-default elementor-section-height-default\" data-eae-slider=\"72083\" data-id=\"fa8b5d6\" data-element_type=\"section\">\n\t\t\t\t\t\t<div class=\"elementor-container elementor-column-gap-default\">\n\t\t\t\t\t<div class=\"has_eae_slider elementor-column elementor-col-33 elementor-top-column elementor-element elementor-element-c5cfe13\" data-eae-slider=\"99670\" data-id=\"c5cfe13\" data-element_type=\"column\">\n\t\t\t<div class=\"elementor-widget-wrap elementor-element-populated\">\n\t\t\t\t\t\t<div class=\"elementor-element elementor-element-c9aa8e9 popmake-680 elementor-widget elementor-widget-image\" data-id=\"c9aa8e9\" data-element_type=\"widget\" data-widget_type=\"image.default\">\n\t\t\t\t\t\t\t\t\t\t\t\t\t\t\t<img loading=\"lazy\" decoding=\"async\" width=\"800\" height=\"533\" src=\"https:\/\/ganoyanimda.com.tr\/wp-content\/uploads\/2025\/07\/FACEMIST.jpg\" class=\"elementor-animation-grow attachment-large size-large wp-image-309\" alt=\"\" srcset=\"https:\/\/ganoyanimda.com.tr\/wp-content\/uploads\/2025\/07\/FACEMIST.jpg 800w, https:\/\/ganoyanimda.com.tr\/wp-content\/uploads\/2025\/07\/FACEMIST-300x200.jpg 300w, https:\/\/ganoyanimda.com.tr\/wp-content\/uploads\/2025\/07\/FACEMIST-768x512.jpg 768w\" sizes=\"(max-width: 800px) 100vw, 800px\" \/>\t\t\t\t\t\t\t\t\t\t\t\t\t\t\t<\/div>\n\t\t\t\t<div class=\"elementor-element elementor-element-c8dace9 popmake-680 elementor-widget elementor-widget-text-editor\" data-id=\"c8dace9\" data-element_type=\"widget\" data-widget_type=\"text-editor.default\">\n\t\t\t\t\t\t\t\t\t<div class=\"entry-header mb-3\"><h2 class=\"card-title entry-title h4 mb-0\"><b>G&#8217;BEATUE FACE MIST<\/b><\/h2><\/div><p class=\"card-text entry-summary text-secondary\">G\u2019Beaute Face Mist, cilde an\u0131nda nemlendirme sa\u011flayarak, daha gen\u00e7 ve sa\u011fl\u0131kl\u0131 bir cild&#8230;<\/p>\t\t\t\t\t\t\t\t<\/div>\n\t\t\t\t\t<\/div>\n\t\t<\/div>\n\t\t\t\t<div class=\"has_eae_slider elementor-column elementor-col-33 elementor-top-column elementor-element elementor-element-0e4a3dc\" data-eae-slider=\"51867\" data-id=\"0e4a3dc\" data-element_type=\"column\">\n\t\t\t<div class=\"elementor-widget-wrap\">\n\t\t\t\t\t\t\t<\/div>\n\t\t<\/div>\n\t\t\t\t<div class=\"has_eae_slider elementor-column elementor-col-33 elementor-top-column elementor-element elementor-element-70db9f6\" data-eae-slider=\"53175\" data-id=\"70db9f6\" data-element_type=\"column\">\n\t\t\t<div class=\"elementor-widget-wrap\">\n\t\t\t\t\t\t\t<\/div>\n\t\t<\/div>\n\t\t\t\t\t<\/div>\n\t\t<\/section>\n\t\t\t\t<\/div>\n\t\t","protected":false},"excerpt":{"rendered":"<p>GANO TRANSPARENT SOAP Gano \u015eeffaf , Ganoderma Lucidum \u00f6z\u00fc, aloe vera ve papaya bitkisi ihtiva eder. Cild&#8230; GANO SOAP Ganoderma Lucidum ve ke\u00e7i s\u00fct\u00fc ile zenginle\u015ftirilmi\u015ftir. Cildiniz fark\u0131 hissedecek. Bu&hellip;<\/p>\n","protected":false},"author":1,"featured_media":0,"parent":0,"menu_order":0,"comment_status":"closed","ping_status":"closed","template":"","meta":{"saved_in_kubio":false,"footnotes":""},"class_list":["post-35","page","type-page","status-publish","hentry"],"kubio_ai_page_context":{"short_desc":"","purpose":"general"},"_links":{"self":[{"href":"https:\/\/ganoyanimda.com.tr\/index.php?rest_route=\/wp\/v2\/pages\/35","targetHints":{"allow":["GET"]}}],"collection":[{"href":"https:\/\/ganoyanimda.com.tr\/index.php?rest_route=\/wp\/v2\/pages"}],"about":[{"href":"https:\/\/ganoyanimda.com.tr\/index.php?rest_route=\/wp\/v2\/types\/page"}],"author":[{"embeddable":true,"href":"https:\/\/ganoyanimda.com.tr\/index.php?rest_route=\/wp\/v2\/users\/1"}],"replies":[{"embeddable":true,"href":"https:\/\/ganoyanimda.com.tr\/index.php?rest_route=%2Fwp%2Fv2%2Fcomments&post=35"}],"version-history":[{"count":40,"href":"https:\/\/ganoyanimda.com.tr\/index.php?rest_route=\/wp\/v2\/pages\/35\/revisions"}],"predecessor-version":[{"id":819,"href":"https:\/\/ganoyanimda.com.tr\/index.php?rest_route=\/wp\/v2\/pages\/35\/revisions\/819"}],"wp:attachment":[{"href":"https:\/\/ganoyanimda.com.tr\/index.php?rest_route=%2Fwp%2Fv2%2Fmedia&parent=35"}],"curies":[{"name":"wp","href":"https:\/\/api.w.org\/{rel}","templated":true}]}}